126, -p = -5*b - 122. Let x(q) = -2*q**3 - 45*q**2 + 47*q + 31. Is x(b) a composite number?
False
Suppose -5*j - 5*i + 189474 = 67269, -2*i - 73313 = -3*j. Is j a composite number?
False
Suppose -2*w - 4*n = -9787 + 833, 0 = w - 3*n - 4462. Is w a prime number?
False
Let a = 6192 - -49489. Is a a prime number?
True
Let v be (-1)/1 + -1750 - 2. Let x = 2531 + v. Is x composite?
True
Let u be 14/(-35) - (-12)/5. Let j be (1 - 1)*(-1)/(-2). Suppose 2*t + 4 = 0, i + u*t = -j*t + 1585. Is i prime?
False
Suppose -9 = 6*x - 21. Suppose -4 = -p + x*p. Is (257/p)/(5/(-20)) a composite number?
False
Is ((-220)/(-40) - (1 - -3))*(-61193404)/(-102) a prime number?
True
Let q(h) = 12*h - 32. Let w be q(2). Is 693 + (-2 - -1)/(2/w) prime?
False
Let j = 6 - 21. Let v = j + 17. Suppose -v*d - 3*p - p = -1408, -2786 = -4*d - 2*p. Is d a prime number?
False
Let r(s) = 74*s**2 + 3*s + 79. Suppose -63 = 16*y + 65. Is r(y) composite?
True
Let d(k) = k**3 - 9*k**2 - 35*k - 8. Let r be d(12). Is 6 + r*((-65670)/(-24) - -4) composite?
True
Let o(u) = -3*u + 5*u + 6*u - 5 + 2*u + 2*u**2 + 3*u**2. Suppose 13 = -4*b - 19. Is o(b) a prime number?
False
Suppose 5*g = -3*f - 0*f - 3536, 4*g + 4*f + 2832 = 0. Let w be -1 + -2 - g/2. Suppose -1476 = -3*j - 5*s, -j + 162 = -5*s - w. Is j composite?
True
Suppose -q - o = -81, 8*o = 5*o - 6. Let n = 83 - q. Suppose 0 = 5*y + u - 9509, 4*y + 5*u - 7624 = -n*u. Is y a composite number?
False
Suppose 2*u - 4*v - 12 = 8, 2*v = -2*u - 10. Suppose -12*f + 9*f + 462 = u. Is f - (3 - (-7 - -4)*-2) a composite number?
False
Let a be (10/4)/((-5)/(-470)). Let t be -2 + (a - 13)/(-1 - -2). Let p = t - -159. Is p prime?
True
Let z = -13229 - -8412. Is (0 + z)*-2*1/2 a prime number?
True
Let v(q) be the third derivative of -q**5/60 - 5*q**4/8 - 7*q**3/3 - 21*q**2. Let m be v(-14). Suppose 3*b + m*b - 1611 = 0. Is b composite?
True
Let a = -4 + 6. Suppose a*z = z + 474. Is -6*(6/8)/((-9)/z) a prime number?
False
Suppose r - 4*c - 1111 = -8879, -3*c - 15 = 0. Let o = -5455 - r. Is o a composite number?
False
Is 3*14/(-6) - (-2286 + -9 + -3) a composite number?
True
Suppose -2*x + 142 + 150 = 0. Suppose 3*f = -140 + x. Suppose v + 2*v = 2*p - 644, -f*v - 1599 = -5*p. Is p a composite number?
True
Suppose -9841*r = -9830*r - 753907. Is r composite?
True
Let u be 1 + (5 - 2 - -27566). Suppose -u = w + 12467. Is w/(-15) - (-12)/(-90) prime?
False
Suppose -3*r + 20 = 7*r. Suppose 4*n = -0*n, -r*a - 5*n = -28562. Is a a composite number?
False
Let p be (0/1 - -2 - -206)*-4. Let x = p + 1241. Is x composite?
False
Let c(o) = 314*o**2 - 48*o + 15. Let h be c(-18). Suppose 0 = 22*m - 37*m + h. Is m a composite number?
False
Let f = 54 - -58. Let a = -108 + f. Suppose -g = -5*g, a*g + 1201 = i. Is i a composite number?
False
Let y(p) = 114 - 113 - 1582*p - 1287*p. Is y(-4) a prime number?
False
Let h be 0 + (-3)/((-12)/56). Let s(b) = h + 3 + 123*b + 2. Is s(6) a prime number?
True
Let y(b) = -6948*b**2 - 10*b + 22. Let v be y(2). Let j = -18453 - v. Is j prime?
True
Let n = -20 - -20. Suppose n = -2*t - 486 - 3088. Let r = 4096 + t. Is r a prime number?
True
Suppose 9*n + 12 = 3*n. Let g(z) = 439*z**2 + 2*z + 5. Is g(n) a composite number?
True
Suppose 10*g + 93412 = 4*x + 14*g, 23341 = x - g. Is x composite?
True
Suppose g = -0*g - 49. Let l = g + 55. Suppose l*w = -0*w + 1770. Is w a composite number?
True
Let w(f) = -f**3 + 19*f**2 - 14*f + 2. Let n be w(-11). Let t = n - 1963. Is t composite?
False
Suppose -73675 - 9110 = -3*v. Is v composite?
True
Let g(q) = -67*q**3 - 24*q**2 - 9*q - 12. Let w be g(7). Let f = w + 34263. Is f a prime number?
False
Let h be 8/12 + (4/3)/(-2). Suppose h = -5*w + 12 + 13. Suppose 5*o - 2574 = -3*c, 1122 = 3*c - w*o - 1482. Is c composite?
False
Is (-8)/6*(-67762296)/672 a prime number?
False
Let k(m) = m**3 + 7*m**2 - 13*m - 10. Let x be k(-8). Let o = 32 - x. Suppose o*i - 4*r = 638, 2*i = 5*r + 8 + 631. Is i composite?
False
Let h(s) = 4*s**3 - 6*s**2 + 2*s - 6. Let r be h(4). Let v be (-2)/4*(-826 + -4). Let u = v - r. Is u prime?
False
Let y be 12/20*775/(-10)*-2. Suppose 0 = -y*l + 94*l - 10786. Suppose 0 = 4*v + 5*g - 14323, 0 = -4*v + v + 5*g + l. Is v a composite number?
True
Let q(g) = g**2 + 28*g + 118. Let m be q(-23). Suppose -m*l + 5*b = -61649, 235 - 20782 = -l + b. Is l a composite number?
False
Let h(i) = 7573*i + 1658. Is h(9) composite?
True
Suppose -1897 + 70 = -9*b. Suppose -b*u = -209*u + 6258. Is u a composite number?
True
Suppose 0 = -46*n - 171078 + 475092. Is n a composite number?
True
Let o = -15 + 17. Suppose o*k = 7*k - 19645. Suppose -4*v + 0*i + k = -i, -i = 3*v - 2952. Is v prime?
True
Let b be 21638 + (-6 - -1)/(-5) - 4. Suppose -b = -91*x + 86*x. Is x composite?
False
Let z be (-1)/(-3) - (229636/12)/(-11). Let j = z - 1003. Is j prime?
False
Suppose -3122083 = -117*d + 112*d - 3*c, 3*d - 2*c = 1873265. Is d a composite number?
False
Suppose 0 = -l - 5*i + 11251, 0 = 12*i - 15*i - 6. Is l prime?
True
Let n = -56027 - -125330. Suppose 6*i - n + 9261 = 0. Is i composite?
False
Let m(y) = 2*y**3 + 2*y**2 - 35*y - 12. Let l(u) = -2*u**3 + 34*u + 11. Let q(g) = 5*l(g) + 4*m(g). Is q(-5) a prime number?
True
Suppose 13*y + 5*n = 9*y + 11357, -2*y + 4*n + 5646 = 0. Is y composite?
False
Let u = -13921 + 23804. Is u a composite number?
False
Let p(j) = -2*j**3 + 29*j**2 - 12*j + 42. Let b be p(20). Let v = b - -6592. Is v a prime number?
False
Suppose 4*i + 4*x = 1 + 11, 0 = -3*i + 2*x + 19. Suppose -5*s - 51378 = -i*f - 8223, 2*s - 34530 = -4*f. Suppose 17638 + f = 10*n. Is n a composite number?
True
Let c(l) = 2*l - 3. Let x(g) = -g**3 + 2*g**2 + g + 1. Let s be x(2). Let h be c(s). Suppose -h*d = 5*j - 307, 4*j + 5*d = 331 - 75. Is j a prime number?
True
Let h(j) = 3*j**2 + 3*j + 13. Let y = 24 - 20. Let u(t) = -t**2 - 4*t - 13. Let s(f) = y*u(f) + 5*h(f). Is s(-15) a composite number?
False
Suppose -2*a = 4*p - 42122, 5*a - 32827 = 2*p + 72466. Is a a composite number?
False
Let g = 393390 - 201139. Is g composite?
False
Let k be (658 - -2 - 0) + 1. Let m be (-54496)/(-40) - (-2 + -8*(-15)/50). Let p = m - k. Is p composite?
False
Let b = 7472 - 4059. Is b a composite number?
False
Let b be -2*9*(-6)/36. Suppose 5*q = 5*d + 94195, 49321 = 5*q + b*d - 44874. Is q a prime number?
True
Suppose -3*a + 7*a + 3*u = -99869, 49957 = -2*a + 3*u. Let k = a + 57284. Is k a prime number?
False
Let s = 103 + -98. Suppose 2*t + 19049 = -m + 6*m, 2*m - s*t = 7607. Is m prime?
False
Let v(o) be the first derivative of 2/3*o**3 - 5*o**4 + 11*o + 4*o**2 + 52. Is v(-5) prime?
True
Let c(u) = 44*u**2 + 23*u + 5. Let g(s) = -s**2. Let v(o) = c(o) - 3*g(o). Let p be v(23). Suppose 0 = -6*d + p - 3503. Is d prime?
False
Let s be (-2)/20*4 - (-84)/10. Suppose -o = -s*o + 21581. Is o a composite number?
False
Let a(r) = -r**3 - 24*r**2 - 46*r + 32. Let c be a(-27). Suppose -10*y + c = -609. Is y composite?
True
Let w be (15/(-9))/((-3)/9). Suppose -3*r + 5 = -n, w*n = -4*r + 7*n + 10. Let g(i) = i**2 - 3*i + 446. Is g(r) prime?
False
Suppose -12*o = 27 - 87. Suppose -o*c = -2*p + 6722, -p - c - 16851 = -6*p. Is p composite?
False
Let f(w) = 51*w**2 + 101*w + 169. Is f(-31) a prime number?
True
Suppose 2*s = 2*i - 120, -s - 2*i + 248 = -5*s. Let m be -1 - 5/(-7) - s/28. Suppose -m*f = 3*g - 633, 657 = 5*g + 4*f - 398. Is g prime?
True
Let p be 2*(21/(-14))/(-1). Is 1532 - (p - ((-12)/(-2))/1) a prime number?
False
Let q(h) = h**3 + 5*h**2 - 11*h - 21. Let t be q(8). Suppose 1976 = b + t. Is b a composite number?
True
Let k(r) = 183887*r + 3009. Is k(4) a prime number?
False
Let v be 0 + (7 - 8)/(1/(-2)). Is ((-508)/6)/((4/(-111))/v) a prime number?
False
Suppose -2*y = 2*m, -y + 40*m - 37*m - 4 = 0. Is (((-97530)/(-60))/((-1)/2))/y prime?
True
Let o(y) = 130*y**3 - 45*y**2 + 377*y - 5. Is o(12) a prime number?
True
Let l(z) = 46*z**2 - 17*z + 1 + 2*z**3 - 24 - 11*z**3 + 7*z**3. Is l(18) prime?
False
Suppose 19 = -3*j + 22. Let x be 4 + (0 - (0 + j)). Suppose x*p + 5*a = 131, 2*p + 0*a - 5*a - 54 = 0. Is p composite?
False
Is 10 + -13 + 14 + 9360 a composite number?
False
Is (-2)/(162259582/97355886 - 10/6) a composite number?
False
Is (-3 - 3310710/20)/(4 + 33/(-6)) prime?
True
Let i(n) = 3*n**2 - 31*n + 15